46 (base 8) in base 10?
38054
289 (base 16) to base 14
345
What is 23b2 (base 12) in base 7?
14504
What is -15672 (base 8) in base 3?
-100201220
6282 (base 12) to base 13
4b83
What is -962 (base 15) in base 3?
-2220102
-279 (base 10) to base 13
-186
What is 174a9 (base 14) in base 15?
1253c
Convert 560 (base 12) to base 2.
1100011000
What is -1001102112 (base 3) in base 14?
-77a3
Convert -1404 (base 6) to base 2.
-101101100
4434 (base 6) to base 16
406
What is -8288 (base 14) in base 16?
-57c0
7040 (base 11) to base 12
5501
12011 (base 3) to base 4
2023
Convert 451 (base 8) to base 13.
19b
Convert -33021 (base 5) to base 15.
-a0b
Convert 110000011 (base 2) to base 15.
1ac
1493 (base 12) to base 5
34130
Convert -11034 (base 5) to base 9.
-1044
-1529 (base 13) to base 2
-110000000101
-12101121 (base 3) to base 12
-2337
1640 (base 9) to base 13
753
Convert 1113 (base 8) to base 4.
21023
Convert -22212110 (base 3) to base 12.
-38a9
Convert 54288 (base 10) to base 14.
15ada
What is -1100220 (base 3) in base 9?
-1326
What is -1000000 (base 2) in base 13?
-4c
-15424 (base 7) to base 12
-260a
1323203 (base 4) to base 7
32024
What is -1a219 (base 12) in base 14?
-dd77
Convert 4b3 (base 12) to base 16.
2c7
Convert -1342 (base 8) to base 3.
-1000100
Convert -110111 (base 3) to base 10.
-337
What is ee32 (base 15) in base 9?
76172
What is 107 (base 13) in base 15?
bb
Convert -22022000 (base 3) to base 11.
-45a9
2221010 (base 3) to base 16
858
2b31 (base 15) to base 13
42b2
-1f28 (base 16) to base 4
-1330220
What is 6374 (base 9) in base 2?
1001001001100
435352 (base 6) to base 13
13637
What is -407 (base 12) in base 4?
-21013
What is 1222 (base 4) in base 10?
106
32 (base 10) to base 13
26
Convert -110111111011 (base 2) to base 13.
-1824
-402034 (base 6) to base 13
-11497
1000010100011 (base 2) to base 14
17a3
What is 42b5 (base 14) in base 15?
3637
10319 (base 10) to base 13
490a
Convert 105213 (base 6) to base 10.
8937
Convert -567 (base 9) to base 15.
-211
What is 1100100101000 (base 2) in base 10?
6440
What is -374 (base 11) in base 3?
-121110
What is -110022 (base 3) in base 6?
-1312
Convert 53aa (base 15) to base 16.
452e
246 (base 7) to base 4
2010
What is 223421 (base 6) in base 15?
5934
Convert -b98 (base 15) to base 3.
-10120222
2020212 (base 3) to base 4
121223
Convert 21a1 (base 12) to base 5.
104341
Convert -147 (base 10) to base 5.
-1042
-11eb (base 15) to base 6
-25405
Convert 123222 (base 4) to base 13.
a62
-22100 (base 4) to base 15
-2db
What is 1103 (base 5) in base 12?
109
Convert -404241 (base 6) to base 2.
-111110101000001
-3ca (base 16) to base 11
-802
31301 (base 6) to base 15
13ad
Convert 1210 (base 8) to base 3.
220000
Convert -310 (base 10) to base 3.
-102111
Convert 15d89 (base 14) to base 13.
1bc3a
Convert 3401 (base 6) to base 8.
1431
Convert -7113 (base 10) to base 2.
-1101111001001
Convert 60602 (base 7) to base 15.
4552
Convert 1003231 (base 4) to base 7.
15430
Convert -10150 (base 7) to base 4.
-212311
Convert -10280 (base 10) to base 2.
-10100000101000
-ec2 (base 15) to base 12
-1b18
60140 (base 7) to base 9
21772
What is -40311 (base 6) in base 13?
-2548
-29b (base 14) to base 2
-1000010001
What is -100111011010000 (base 2) in base 5?
-1121201
Convert 1411 (base 9) to base 16.
427
What is 11111110110 (base 2) in base 10?
2038
What is 1e33 (base 15) in base 9?
10013
Convert 6402 (base 8) to base 11.
2558
What is -385 (base 12) in base 16?
-215
Convert -134754 (base 8) to base 16.
-b9ec
Convert 390 (base 14) to base 15.
329
Convert -1001212200 (base 3) to base 13.
-9774
340 (base 5) to base 14
6b
Convert 5454 (base 6) to base 3.
1201121
What is -219 (base 14) in base 9?
-511
731 (base 16) to base 2
11100110001
Convert 4a8 (base 12) to base 4.
23000
112 (base 15) to base 11
200
1449 (base 11) to base 6
12352
-10023 (base 6) to base 14
-699
What is 1645 (base 8) in base 9?
1246
Convert 3970 (base 12) to base 4.
1212210
What is -2239 (base 12) in base 10?
-3789
What is 6d8a (base 14) in base 2?
100101010111110
b46 (base 14) to base 16
8aa
900 (base 11) to base 15
4c9
Convert 2311012 (base 5) to base 3.
2002202200
Convert -1404 (base 6) to base 10.
-364
What is -477 (base 9) in base 13?
-244
What is -3b9 (base 14) in base 15?
-351
Convert b3 (base 15) to base 2.
10101000
645 (base 16) to base 10
1605
What is -4527 (base 9) in base 2?
-110100010010
Convert 4a0c (base 15) to base 8.
36622
54c (base 14) to base 12
734
Convert -3994 (base 12) to base 5.
-202332
What is -111001000001111 (base 2) in base 9?
-44043
Convert 32820 (base 10) to base 11.
22727
301 (base 13) to base 11
422
What is 87d (base 14) in base 8?
3217
What is -1001100101 (base 2) in base 16?
-265
What is 100001 (base 6) in base 15?
2487
What is 10020112 (base 4) in base 16?
4216
Convert -13404 (base 8) to base 5.
-142032
What is -5478 (base 14) in base 15?
-44e0
Convert 2259 (base 10) to base 9.
3080
Convert -1852 (base 11) to base 7.
-6604
Convert -43433 (base 6) to base 13.
-2964
What is -4442 (base 12) in base 4?
-1311302
5251 (base 11) to base 16
1b29
Convert -22656 (base 13) to base 6.
-1201453
10101100110001110 (base 2) to base 6
1521314
Convert -11110010 (base 3) to base 15.
-e63
46bb (base 12) to base 7
32042
Convert -1211113 (base 4) to base 8.
-14527
Convert -1186 (base 9) to base 12.
-620
-21554 (base 6) to base 14
-115c
What is 13333 (base 6) in base 11?
1615
2a13 (base 14) to base 7
30523
-1c (base 15) to base 5
-102
-2320 (base 8) to base 3
-1200122
300 (base 6) to base 5
413
What is 76b5 (base 12) in base 4?
3030221
Convert -46446 (base 7) to base 14.
-4496
What is -111110111100 (base 2) in base 7?
-14513
28c (base 14) to base 11
42a
-1a9c (base 16) to base 5
-204222
Convert -b11 (base 13) to base 11.
-1453
2365 (base 12) to base 11
2a85
What is -100000110 (base 2) in base 11?
-219
1220 (base 14) to base 7
12140
-10112301 (base 4) to base 5
-1032331
Convert 10100100110 (base 2) to base 9.
1724
What is 46263 (base 8) in base 5?
1112020
What is 4827 (base 11) in base 14?
2437
-2736 (base 8) to base 14
-794
10010110001 (base 2) to base 6
5321
Convert 1140 (base 10) to base 5.
14030
What is 34d4 (base 16) in base 4?
3103110
368b0 (base 12) to base 5
4330420
Convert -222 (base 10) to base 8.
-336
5b65 (base 12) to base 15
30bb
Convert -1011211 (base 4) to base 9.
-6087
Convert 2752 (base 13) to base 11.
4271
3511 (base 6) to base 4
31003
Convert 723 (base 9) to base 3.
210210
What is 36635 (base 8) in base 15?
4a18
15114 (base 12) to base 13
105a0
What is -16112 (base 8) in base 5?
-212432
-21557 (base 8) to base 5
-242241
What is -34446 (base 9) in base 15?
-6c10
What is -81ae (base 16) in base 5?
-2030243
1b6a (base 13) to base 6
31104
130321 (base 4) to base 11
1431
Convert 1a88 (base 15) to base 9.
7802
43909 (base 10) to base 14
12005
Convert -121022212 (base 3) to base 11.
-8a41
What is 21212 (base 3) in base 16?
d4
-bac (base 16) to base 12
-1890
-1755 (base 11) to base 8
-4276
What is 1033440 (base 5) in base 10?
17995
Convert -13120 (base 4) to base 10.
-472
What is 2670 (base 11) in base 15?
1060
1025543 (base 6) to base 12
252b3
Convert 341432 (base 5) to base 13.
5691
What is -1111022 (base 4) in base 11?
-4105
2002 (base 6) to base 7
1160
What is -13200330 (base 4) in base 14?
-b308
What is 7f (base 16) in base 14?
91
Convert -152630 (base 7) to base 15.
-8c78
Convert 20226 (base 7) to base 2.
1001100111000
-102112 (base 3) to base 2
-100110111
Convert 9a90 (base 12) to base 14.
6336
What is -63221 (base 8) in base 4?
-12122101
-175 (base 16) to base 15
-19d
Convert 1701 (base 10) to base 5.
23301
Convert 110010111010001 (base 2) to base 7.
135664
-2011 (base 4) to base 14
-97
What is -6101 (base 11) in base 4?
-1332230
110010111 (base 2) to base 4
12113
Convert -13d9 (base 16) to base 6.
-35305
Convert 200 (base 9) to base 8.
242
Convert -794 (base 10) to base 3.
-1002102
Convert 4ab (base 12) to base 11.
593
What is -2296 (base 11) in base 4?
-233001
What is 11700 (base 10) in base 16?
2db4
-1972 (base 11) to base 5
-34444
What is 1101011001 (base 2) in base 3?
1011202
Convert -1120 (base 8) to base 14.
-304
10111010011011 (base 2) to base 4
2322123
28233 (base 9) to base 10
19146
Convert -21234 (base 5) to base 4.
-112210
Convert -1